{"id":246,"date":"2011-04-14T20:05:35","date_gmt":"2011-04-14T18:05:35","guid":{"rendered":"http:\/\/www.christophjarosch.de\/?page_id=246"},"modified":"2015-11-15T21:43:06","modified_gmt":"2015-11-15T19:43:06","slug":"medienbeitraege","status":"publish","type":"page","link":"https:\/\/www.christophjarosch.de\/?page_id=246","title":{"rendered":"Presseberichte und Medien zum Thema"},"content":{"rendered":"<p><strong>Deutschlandfunk<br \/>\n<em>\u201eRollenklischees werden wieder gefestigt\u201c<\/em><\/strong><\/p>\n<p>Susanne Klinger (Autorin des Buches \u201aWir Alpham\u00e4dchen\u2019) im Gespr\u00e4ch mit Gerwald Herter, Interview zum Boys\u2019 Day \u2013 zum h\u00f6ren und lesen.<br \/>\n<a href=\"http:\/\/www.dradio.de\/dlf\/sendungen\/interview_dlf\/1435713\/\">http:\/\/www.dradio.de\/dlf\/sendungen\/interview_dlf\/1435713\/<\/a><\/p>\n<p>&nbsp;<\/p>\n<p><strong>Deutschlandradio Kultur<br \/>\n<em>\u201eJungen brauchen eben echte M\u00e4nner\u201c<\/em><\/strong><\/p>\n<p>Reinhard Winter (T\u00fcbinger Diplomp\u00e4dagoge) im Gespr\u00e4ch mit Gabi Wuttke, Interview zum Boys\u2019 Day in der Radiosendung \u201eOrtszeit\u201c \u2013 zum h\u00f6ren und lesen.<br \/>\n<a href=\"http:\/\/www.dradio.de\/dkultur\/sendungen\/interview\/1435807\/\">http:\/\/www.dradio.de\/dkultur\/sendungen\/interview\/1435807\/<\/a><\/p>\n<p>&nbsp;<\/p>\n<p><strong>Volksfreund zur Auftaktveranstaltung:<\/strong><br \/>\n<a href=\"http:\/\/www.christophjarosch.de\/wordpress\/wp-content\/uploads\/2011\/04\/Ausstellung_TV-22.05.2012.pdf\">Auftaktveranstaltung_TV 22.05.2012<\/a><\/p>\n<p>&nbsp;<\/p>\n<p><strong>Verschiedene Artikel zu Veranstaltungen:<\/strong><br \/>\n<a href=\"http:\/\/www.christophjarosch.de\/wordpress\/wp-content\/uploads\/2011\/04\/eifelzeitung.pdf\">Eifelzeitung<\/a><br \/>\n<a href=\"http:\/\/www.christophjarosch.de\/wordpress\/wp-content\/uploads\/2011\/04\/Geschlechtsreflektierte-Jugendarbeit.pdf\">Geschlechtsreflektierte Jugendarbeit<\/a><br \/>\n<a href=\"http:\/\/www.christophjarosch.de\/wordpress\/wp-content\/uploads\/2011\/04\/www.bernkastel-wittlich.de_.pdf\">www.bernkastel-wittlich.de<\/a><br \/>\n<a href=\"http:\/\/www.christophjarosch.de\/wordpress\/wp-content\/uploads\/2011\/04\/www.wochenspiegellive.de_.pdf\">www.wochenspiegellive.de<\/a> <a href=\"http:\/\/www.christophjarosch.de\/wordpress\/wp-content\/uploads\/2011\/04\/Zeitungsartikel.pdf\">Zeitungsartikel<\/a><\/p>\n","protected":false},"excerpt":{"rendered":"<p>Deutschlandfunk \u201eRollenklischees werden wieder gefestigt\u201c Susanne Klinger (Autorin des Buches \u201aWir Alpham\u00e4dchen\u2019) im Gespr\u00e4ch mit Gerwald Herter, Interview zum Boys\u2019 Day \u2013 zum h\u00f6ren und lesen. http:\/\/www.dradio.de\/dlf\/sendungen\/interview_dlf\/1435713\/ &nbsp; Deutschlandradio Kultur \u201eJungen brauchen eben echte M\u00e4nner\u201c Reinhard Winter (T\u00fcbinger Diplomp\u00e4dagoge) im Gespr\u00e4ch mit Gabi Wuttke, Interview zum Boys\u2019 Day in der Radiosendung \u201eOrtszeit\u201c \u2013 zum h\u00f6ren &hellip; <a href=\"https:\/\/www.christophjarosch.de\/?page_id=246\" class=\"more-link\"><span class=\"screen-reader-text\">Presseberichte und Medien zum Thema<\/span> weiterlesen <span class=\"meta-nav\">&rarr;<\/span><\/a><\/p>\n","protected":false},"author":2,"featured_media":0,"parent":184,"menu_order":6,"comment_status":"closed","ping_status":"closed","template":"","meta":{"ngg_post_thumbnail":0,"footnotes":""},"class_list":["post-246","page","type-page","status-publish","hentry"],"_links":{"self":[{"href":"https:\/\/www.christophjarosch.de\/index.php?rest_route=\/wp\/v2\/pages\/246","targetHints":{"allow":["GET"]}}],"collection":[{"href":"https:\/\/www.christophjarosch.de\/index.php?rest_route=\/wp\/v2\/pages"}],"about":[{"href":"https:\/\/www.christophjarosch.de\/index.php?rest_route=\/wp\/v2\/types\/page"}],"author":[{"embeddable":true,"href":"https:\/\/www.christophjarosch.de\/index.php?rest_route=\/wp\/v2\/users\/2"}],"replies":[{"embeddable":true,"href":"https:\/\/www.christophjarosch.de\/index.php?rest_route=%2Fwp%2Fv2%2Fcomments&post=246"}],"version-history":[{"count":4,"href":"https:\/\/www.christophjarosch.de\/index.php?rest_route=\/wp\/v2\/pages\/246\/revisions"}],"predecessor-version":[{"id":256,"href":"https:\/\/www.christophjarosch.de\/index.php?rest_route=\/wp\/v2\/pages\/246\/revisions\/256"}],"up":[{"embeddable":true,"href":"https:\/\/www.christophjarosch.de\/index.php?rest_route=\/wp\/v2\/pages\/184"}],"wp:attachment":[{"href":"https:\/\/www.christophjarosch.de\/index.php?rest_route=%2Fwp%2Fv2%2Fmedia&parent=246"}],"curies":[{"name":"wp","href":"https:\/\/api.w.org\/{rel}","templated":true}]}}